uppose 5 = -g*p - 16. What are the prime factors of p/(4 - (-1204)/(-300))?
3, 5
Let r be (0 - (1 + -2)) + -101. Let z(c) = c**2 - 15*c - 47. Let u be z(25). Let j = u + r. List the prime factors of j.
103
Suppose 697865 = 199*h - 42*h. What are the prime factors of h?
5, 7, 127
Suppose -4*o + 0 - 56 = 0. Let r = o + 20. Suppose 127 = -r*w + 7*w. List the prime factors of w.
127
Let h(t) = -6*t**3 - t**2 + 5 + 0*t**3 - 2*t + 2*t**3 + 3*t**3. List the prime factors of h(-9).
11, 61
Let i = 8031 + -4585. List the prime factors of i.
2, 1723
Let u = 11 + -9. Suppose -u*d + 7*d = 25. Suppose r + y - 611 = -4*r, 0 = 4*r - d*y - 483. List the prime factors of r.
2, 61
Let a(r) = 36*r**2 + 82*r + 2418. What are the prime factors of a(-25)?
2, 5717
Suppose 0 = -o - w + 1141, o + w + 4544 = 5*o. Suppose -1103 = -4*m + v, -3*v - o = -5*m + 247. What are the prime factors of m?
5, 11
Suppose -1188006 = -34*g - 50808. List the prime factors of g.
3, 11149
Let h(d) = 51*d + 153. Suppose 5*c + 2*p + 7 = 56, -c - p + 8 = 0. What are the prime factors of h(c)?
2, 3, 7, 17
Let m = -400 + 191. Let x = m - -416. Suppose 4*j = x + 509. What are the prime factors of j?
179
Let f(y) = -7*y**3 - 55*y**2 - 108*y + 15. What are the prime factors of f(-9)?
3, 5, 109
Suppose 0 = 280*n - 278*n - 4*g - 38774, -4*n + 77508 = 2*g. List the prime factors of n.
19379
Suppose -4*p - h + 68925 = 0, -4*p + 61700 + 7216 = 4*h. What are the prime factors of p?
2, 3, 359
Suppose 10*n - 62780 = 7720. Suppose 0 = 22*z - 7*z - n. List the prime factors of z.
2, 5, 47
Let j(a) = a**2 - 8*a - 23. Let h be j(12). Let y = 87 - h. What are the prime factors of y?
2, 31
List the prime factors of (-5 + (-201213)/(-45))/(4*(-3)/(-30)).
2, 3, 1861
Suppose -20012 = -3*c - x, -3*c - 2*c = -8*x - 33305. What are the prime factors of c?
3, 13, 19
Let i = 22262 + -12122. What are the prime factors of i?
2, 3, 5, 13
What are the prime factors of 4/14 - (256 + -244 - (-94036)/(-7))?
2, 3, 2237
Let x(j) = j**2 + 3*j. Suppose -3*o + 0*w = w - 11, -5*o - 10 = -4*w. Suppose 3*z = 5*z + 3*k - 3, o = 3*z + 5*k. What are the prime factors of x(z)?
2, 3
Let s(r) = -r**2 - 40*r + 1298. List the prime factors of s(-57).
7, 47
Suppose -178 = -3*u - h - 39, 5*h = -3*u + 143. Let n = 51 - u. Suppose -14 = -x - 2*a, 2*a + 3*a = n*x - 130. What are the prime factors of x?
2, 11
Let i be -3464 - 0 - 55/(-11)*1. List the prime factors of (i/(-9))/(-1)*(-3 - 0).
1153
What are the prime factors of ((-154792)/(-22))/((-4)/(-5))?
5, 1759
Let w(v) = 160*v - 812. List the prime factors of w(17).
2, 3, 53
Suppose -3*l = -2*j + 58, -4*j = j + l - 111. Let t = 25 - j. List the prime factors of 5/(42/80 + t/(-5)).
2, 5
Suppose -844 = -4*s - 216. Let y = 102 - s. Let p = -1 - y. What are the prime factors of p?
2, 3
Suppose 0 - 1 = -2*i - t, 5 = -5*i + 5*t. Suppose 4*k = -2*w + 236, 3*w - 2*k - 626 = -2*w. Suppose -u - u + w = i. List the prime factors of u.
2, 31
Let m = -1 - 2. Suppose 4*c - a - 163 = 120, 3*c - 2*a - 216 = 0. What are the prime factors of c - (m - -3 - 1)?
71
Suppose 4*d - 5*d - 3*p - 3 = 0, 0 = -3*d - p - 1. Suppose w + 64 - 304 = d. What are the prime factors of w?
2, 3, 5
Let i = -75 + 162. Let k = i + -84. List the prime factors of k.
3
List the prime factors of ((-172746)/(-12))/(-21)*(-5 + 3).
3, 457
Suppose 0 = -5*l + 8 + 2. Suppose 2*j + l*u = 6*u - 526, -j + 4*u = 257. Let o = j + 432. What are the prime factors of o?
163
Let n = 58359 - 17154. List the prime factors of n.
3, 5, 41, 67
Let x(m) = -8*m + 195. Let r be x(24). Suppose -3823 = -5*s + r*z, -5*s = -z + 5*z - 3851. List the prime factors of s.
13, 59
Let z be (-30453)/(-2) + (0 + 1)/2. Suppose 0 = -13*a + z - 5113. What are the prime factors of a?
2, 389
List the prime factors of (826642/123)/(8/12).
17, 593
Suppose 4*m - 2*s + 62 = 0, -3*m - 4*s + 46 = -5*m. Let f(v) = 10*v**2 + 65*v - 2. What are the prime factors of f(m)?
3, 281
Let i(w) be the second derivative of 5*w**4/3 + 16*w**3/3 - 70*w**2 - 44*w. List the prime factors of i(6).
2, 193
List the prime factors of 9*-18561*9/(-81).
3, 23, 269
Suppose 4*l + 5*t = 23202, 5*t - 8 = 2. List the prime factors of l.
2, 13, 223
Suppose -3119 = -2*v - k, -2*v - 3105 = -4*v + k. List the prime factors of v.
2, 389
What are the prime factors of (26513812/(-91))/(-17) - (-3)/(0 - -21)?
3, 29, 197
Let t = 131 + -44. Let n = 77 - t. List the prime factors of 112/5 - ((-4)/n)/1.
2, 11
Let h = -9961 + 11671. What are the prime factors of h?
2, 3, 5, 19
List the prime factors of (((-578560)/12)/32)/(1/(-3)).
2, 5, 113
What are the prime factors of (920 + -2)/1 + (6 - 0)?
2, 3, 7, 11
Let s = -1517 + 2492. List the prime factors of s.
3, 5, 13
Suppose 2*f + 4*n - 6320 = 4324, 0 = 3*f - n - 15938. List the prime factors of f.
2, 2657
Suppose -2*l = -g + 4617, -41*g - 11555 = 5*l - 46*g. Let x = l + 3430. List the prime factors of x.
2, 281
Suppose -7*h - 16 = -11*h. Suppose -n - h*s + 25 = 0, 3*n = 2*s - s + 127. What are the prime factors of n?
41
Let v(g) = 9*g**2 - 15*g + 62. List the prime factors of v(-12).
2, 769
What are the prime factors of ((-48)/(-64))/(-1) + (-649804)/(-16)?
2, 11, 13, 71
Let s(l) be the third derivative of -l**6/120 - 4*l**5/15 + 11*l**4/24 - 13*l**3/3 - 5*l**2 + 6. What are the prime factors of s(-19)?
2, 53
Let s = 29967 - 9810. What are the prime factors of s?
3, 6719
Suppose -3*w - 1929 = o, 1290 = -2*w + 7*o - 9*o. Let c = -311 - w. List the prime factors of c.
331
What are the prime factors of (3 + 12)*478*12/20?
2, 3, 239
Let w be ((-3)/42*-7)/(2/40). Suppose w*v = 13*v - 9. Suppose -135 = -z - 2*x, -v*x + 6*x = 9. What are the prime factors of z?
3, 43
Let s = -21040 + 41232. List the prime factors of s.
2, 631
Let i = -11194 - -20228. List the prime factors of i.
2, 4517
Suppose 0 = -6*v + v - 2*o - 1301, -o - 1039 = 4*v. Let r = 137 + -262. Let w = r - v. List the prime factors of w.
2, 67
Let c = 65 - 65. Suppose -2*k = -g - 1, c = g + 4*k - 7*k - 2. List the prime factors of 2 + g/3 - (-784)/12.
5, 13
What are the prime factors of 11641*-7*(-9)/63*1?
7, 1663
Let p(s) = 493*s**2 - 26*s + 88. Let y be p(4). Suppose 1180 = -14*t + y. What are the prime factors of t?
2, 239
Let z be (-5 - (974/(-10) - -5))*5. Let g = z - 251. List the prime factors of g.
2, 3, 31
Let l(y) = -y + 9. Let o be l(6). Suppose -i - 232 = -5*q + 2659, -o*q + 2*i = -1736. List the prime factors of q.
2, 17
Let k be 0 + (-4)/(-30) - 110/825. Suppose k = -5*x - s - 20, 3*s = 2*x + 10 + 15. List the prime factors of -3 - (x - 206/2).
3, 5, 7
Let a(c) = 0*c**3 - 11 + 2*c**3 + 42*c + 12 + 12 - 83*c**2. What are the prime factors of a(41)?
2, 3
Suppose 4*o - 15 + 7 = 0. Suppose 5*c = 2*m + 220, o*c + 3*m - 102 = m. Let j = 76 - c. What are the prime factors of j?
2, 3, 5
What are the prime factors of (-132615)/(-90)*(-2 - 20/(-7))?
3, 421
Let l = 15169 - 5761. What are the prime factors of l?
2, 3, 7
Let b be (9/6)/(-3)*0. Let i(h) = h**3 - 13*h**2 + 14*h - 20. Let c be i(12). Suppose -c*s = -b*s - 136. What are the prime factors of s?
2, 17
Let t = 481 - 778. Let o = 516 + t. What are the prime factors of o?
3, 73
Suppose 0 = -9*k - 5110 - 5771. Let u = 1769 + k. What are the prime factors of u?
2, 5, 7
Let y = -4 - -8. Suppose 4*u = -5*b + 1976, -b + 12*u = 10*u - 384. Suppose -300 = -y*c + b. What are the prime factors of c?
173
Let s(g) = 12*g**2 + 129*g + 1142. What are the prime factors of s(46)?
2, 8117
Suppose 4*s - 31 = -k, -21 = -2*s - 5*k + 8. Let z(v) = -v**3 + 7*v**2 + 2*v - 13. Let y be z(s). Suppose y = -r + 46. What are the prime factors of r?
3, 5
Let v be 0 + 5/(30*9/216). Let u(h) = -h**3 - h**2 + 93. Let w be u(0). Suppose v*z - z = -4*k + w, z = -2*k + 49. What are the prime factors of k?
3
Suppose -22*b - 863500 = -183*b + 370082. List the prime factors of b.
2, 3, 1277
Suppose 5*d + 0*a + a + 41 = 0, -2*a + 22 = -3*d. Let j be ((-207)/(-92))/(2/d). What are the prime factors of 26/(-3)*1*j?
2, 3, 13
Let i(s) = 263*s**2 + 7*s - 26. Let t be i(2). Suppose -5*l + 3*q + t = 0, q = 10*l - 8*l - 416. List the prime factors of l.
2, 13
Suppose 5*v + 11*x - 15*x - 161358 = 0, -4*v = -5*x - 129081. List the prime factors of v.
2, 3, 11, 163
Suppose s - 4*s + 255 = 0. Suppose 0*